, 643
List the prime factors of 8676846.
2, 3, 179, 2693
What are the prime factors of 59954?
2, 31, 967
What are the prime factors of 361028?
2, 43, 2099
What are the prime factors of 16679459?
167, 99877
What are the prime factors of 107117?
17, 6301
What are the prime factors of 66605?
5, 7, 11, 173
What are the prime factors of 200482?
2, 59, 1699
What are the prime factors of 197462?
2, 98731
What are the prime factors of 135439?
17, 31, 257
List the prime factors of 15556516.
2, 19, 107, 1913
List the prime factors of 2498319.
3, 89, 3119
List the prime factors of 7627668.
2, 3, 635639
What are the prime factors of 25611172?
2, 479, 13367
What are the prime factors of 354796?
2, 13, 6823
List the prime factors of 230203.
230203
List the prime factors of 13471037.
13471037
List the prime factors of 201749.
229, 881
List the prime factors of 161267.
161267
What are the prime factors of 9598039?
11, 872549
List the prime factors of 160037.
19, 8423
List the prime factors of 6991234.
2, 3495617
What are the prime factors of 3993418?
2, 11, 13, 13963
What are the prime factors of 194015?
5, 38803
What are the prime factors of 9220087?
409, 22543
List the prime factors of 423493.
7, 101, 599
What are the prime factors of 259633?
11, 23603
What are the prime factors of 33124376?
2, 89, 46523
What are the prime factors of 210194?
2, 105097
List the prime factors of 360044.
2, 90011
List the prime factors of 3949028.
2, 31, 31847
List the prime factors of 1207035.
3, 5, 8941
What are the prime factors of 77243?
77243
List the prime factors of 252120.
2, 3, 5, 11, 191
What are the prime factors of 4186438?
2, 2093219
What are the prime factors of 5320817?
19, 193, 1451
List the prime factors of 11111788.
2, 151, 18397
List the prime factors of 1104315.
3, 5, 83, 887
List the prime factors of 2340890.
2, 5, 234089
List the prime factors of 3691091.
17, 29, 7487
List the prime factors of 10149598.
2, 1093, 4643
List the prime factors of 5779219.
67, 86257
What are the prime factors of 13534?
2, 67, 101
What are the prime factors of 87782?
2, 43891
What are the prime factors of 291563?
291563
List the prime factors of 4087911.
3, 1362637
What are the prime factors of 637358?
2, 318679
List the prime factors of 2392094.
2, 29, 41243
What are the prime factors of 21523?
21523
What are the prime factors of 307617?
3, 102539
List the prime factors of 128100.
2, 3, 5, 7, 61
What are the prime factors of 793910?
2, 5, 13, 31, 197
What are the prime factors of 71879?
71879
What are the prime factors of 822213?
3, 7, 31, 421
What are the prime factors of 508885?
5, 13, 7829
What are the prime factors of 5146993?
1907, 2699
What are the prime factors of 1260938?
2, 7, 90067
What are the prime factors of 655474?
2, 327737
List the prime factors of 337928.
2, 53, 797
What are the prime factors of 171266?
2, 19, 4507
What are the prime factors of 346519?
173, 2003
What are the prime factors of 1595737?
11, 13, 11159
List the prime factors of 9511624.
2, 311, 3823
What are the prime factors of 2381516?
2, 595379
What are the prime factors of 70380?
2, 3, 5, 17, 23
What are the prime factors of 326554?
2, 23, 31, 229
List the prime factors of 1229488.
2, 13, 23, 257
List the prime factors of 14632004.
2, 3658001
What are the prime factors of 2203523?
7, 17, 18517
List the prime factors of 582591.
3, 194197
What are the prime factors of 3475106?
2, 17, 179, 571
List the prime factors of 6344867.
97, 149, 439
What are the prime factors of 9613173?
3, 61, 131, 401
What are the prime factors of 135213?
3, 13, 3467
What are the prime factors of 208594?
2, 104297
List the prime factors of 225667.
13, 17359
List the prime factors of 6791494.
2, 3395747
What are the prime factors of 21807866?
2, 61, 178753
List the prime factors of 1092818.
2, 139, 3931
What are the prime factors of 724659?
3, 13, 17, 1093
What are the prime factors of 772198?
2, 7, 19, 2903
List the prime factors of 17425957.
811, 21487
What are the prime factors of 47264?
2, 7, 211
List the prime factors of 1613674.
2, 17, 31, 1531
What are the prime factors of 14348523?
3, 7, 97609
What are the prime factors of 1832321?
263, 6967
What are the prime factors of 395753?
373, 1061
List the prime factors of 2125774.
2, 7, 151841
List the prime factors of 7314800.
2, 5, 18287
List the prime factors of 31971234.
2, 3, 127, 41957
What are the prime factors of 5460475?
5, 218419
What are the prime factors of 447075?
3, 5, 1987
What are the prime factors of 26497930?
2, 5, 239, 11087
What are the prime factors of 277779?
3, 92593
List the prime factors of 758110.
2, 5, 47, 1613
List the prime factors of 155291.
155291
List the prime factors of 191666.
2, 47, 2039
What are the prime factors of 214716?
2, 3, 29, 617
List the prime factors of 1063003.
43, 59, 419
List the prime factors of 11148241.
13, 113, 7589
List the prime factors of 5202029.
7, 19, 39113
What are the prime factors of 358904?
2, 7, 13, 17, 29
What are the prime factors of 3498297?
3, 11, 227, 467
What are the prime factors of 1665141?
3, 19, 131, 223
What are the prime factors of 348688?
2, 19, 31, 37
What are the prime factors of 50015?
5, 7, 1429
What are the prime factors of 959016?
2, 3, 31, 1289
List the prime factors of 28046.
2, 37, 379
What are the prime factors of 2469962?
2, 11, 19, 311
What are the prime factors of 81594?
2, 3, 1511
What are the prime factors of 1675990?
2, 5, 19, 8821
List the prime factors of 50027.
19, 2633
List the prime factors of 8493171.
3, 19, 109, 1367
List the prime factors of 128655.
3, 5, 953
List the prime factors of 1665069.
3, 7, 47, 241
List the prime factors of 17395843.
23, 479, 1579
List the prime factors of 2458224.
2, 3, 43, 397
What are the prime factors of 16641166?
2, 61, 136403
What are the prime factors of 776364?
2, 3, 31, 2087
What are the prime factors of 142858?
2, 71429
List the prime factors of 669425.
5, 26777
What are the prime factors of 24836169?
3, 233, 35531
List the prime factors of 5986273.
19, 315067
What are the prime factors of 17038?
2, 7, 1217
What are the prime factors of 185763?
3, 19, 3259
List the prime factors of 2176828.
2, 373, 1459
What are the prime factors of 14306316?
2, 3, 17, 19, 3691
What are the prime factors of 3593452?
2, 71, 12653
List the prime factors of 28543674.
2, 3, 677, 7027
What are the prime factors of 14197011?
3, 37, 79, 1619
What are the prime factors of 472247?
472247
List the prime factors of 63792.
2, 3, 443
List the prime factors of 288769.
13, 97, 229
List the prime factors of 489195.
3, 5, 7, 1553
List the prime factors of 4870049.
73, 66713
List the prime factors of 13364967.
3, 7, 11, 47, 1231
What are the prime factors of 4830333?
3, 41, 173, 227
What are the prime factors of 31840949?
7, 17, 47, 5693
List the prime factors of 13649.
13649
List the prime factors of 1078043.
1078043
List the prime factors of 118999.
127, 937
List the prime factors of 849192.
2, 3, 41, 863
What are the prime factors of 845236?
2, 7, 30187
What are the prime factors of 585342?
2, 3, 31, 1049
What are the prime factors of 195880?
2, 5, 59, 83
What are the prime factors of 102371?
167, 613
List the prime factors of 684023.
29, 103, 229
List the prime factors of 6377402.
2, 3188701
What are the prime factors of 15688586?
2, 17, 67, 71, 97
What are the prime factors of 1413927?
3, 157103
List the prime factors of 4265786.
2, 7, 31, 9829
List the prime factors of 626126.
2, 19, 16477
List the prime factors of 2135793.
3, 11, 61, 1061
What are the prime factors of 4524829?
4524829
What are the prime factors of 16133155?
5, 3226631
What are the prime factors of 542845?
5, 151, 719
List the prime factors of 5964585.
3, 5, 11, 37, 977
List the prime factors of 359478.
2, 3, 7, 317
List the prime factors of 22269205.
5, 7, 636263
List the prime factors of 9497783.
9497783
List the prime factors of 183258.
2, 3, 10181
What are the prime factors of 2556520?
2, 5, 63913
What are the prime factors of 6388051?
6388051
What are the prime factors of 470625?
3, 5, 251
List the prime factors of 13856520.
2, 3, 5, 115471
What are the prime factors of 63832?
2, 79, 101
List the prime factors of 697420.
2, 5, 34871
What are the prime factors of 2295762?
2, 3, 7, 47, 1163